t c = 9 - 11. Let y be 21/(-12) - c/(-8). Calculate the remainder when (-24)/2*1/y is divided by 3.
0
Suppose 6*y - 4*y - 49 = -m, m + 107 = 4*y. Suppose 3*b - 14 = b. What is the remainder when y is divided by b?
5
Let d = -9 + 13. Let z be (-28)/(-6) - d/6. Suppose -5*b - 5*a + 20 = 0, -b = -0*b + z*a - 7. What is the remainder when b is divided by 3?
0
Let q(x) = x**3 - 2*x**2 - x - 1. Calculate the remainder when 8 is divided by q(3).
3
Suppose 3*g + 2*f = 67, -3*f + f = -g + 17. Calculate the remainder when 39 is divided by g.
18
Let o(r) = 3*r + 7. Let u be (228/18)/(4/6). Let d = u - 10. What is the remainder when o(d) is divided by 12?
10
Let z = -80 - -202. Calculate the remainder when z is divided by 43.
36
Let l(x) = x**3 + 4*x**2 - x + 3. Calculate the remainder when 13 is divided by l(-4).
6
Let w(n) be the second derivative of -10*n**3/3 - n**2 - 2*n. Let x = -6 - -4. Calculate the remainder when w(x) is divided by 13.
12
Suppose p = -3*j + 30, -2*j + 86 = 5*p - 77. Calculate the remainder when p is divided by 17.
16
Suppose 21 = -5*a + f, a - 15 = 6*a + 5*f. What is the remainder when (8/(-6))/(a/114) is divided by 20?
18
Suppose s - 2 - 59 = 0. Calculate the remainder when s is divided by 32.
29
Let o(x) = 3*x - 3. Let l be (-8)/28 - (-48)/21. Let k be o(l). Calculate the remainder when 3/(-18)*-4*k is divided by 1.
0
Let c(h) = 5*h + h + h - 3. What is the remainder when c(3) is divided by 7?
4
Suppose 5*m - 100 + 15 = -5*r, 0 = 3*r + 5*m - 57. Let n(c) = -4*c**3 + c**2 - 3*c - 3. Calculate the remainder when n(-2) is divided by r.
11
Suppose -8*g = -3*g - 55. What is the remainder when g is divided by -2 - 2*5/(-2)?
2
Let z(g) = -g + 1. Let k(m) = m**3 + 5*m - 7*m**2 + 2*m**2 + m**2 + 1 + 0. Calculate the remainder when k(4) is divided by z(-11).
9
Let o(j) = -j**2 - 12*j - 10. Let b(u) = -u**3 + 3*u**2 + 3*u - 4. Let p be b(4). Suppose -4*a - a + 210 = 0. What is the remainder when a is divided by o(p)?
20
Let u(d) = -7*d + 5. Let b = 3 + -7. What is the remainder when u(b) is divided by (2 - 116/(-8)) + 2/4?
16
Let d = 350 - 340. Calculate the remainder when 0 + ((-38)/(-1) - 0) is divided by d.
8
Let t(f) = -f. Let r be t(-1). Suppose o = 7 - r. Suppose -o*n + n + 125 = 0. Calculate the remainder when n is divided by 9.
7
Let v(w) be the third derivative of -w**6/120 - w**5/10 - 7*w**4/24 - w**2. Calculate the remainder when 19 is divided by v(-5).
9
Let q(o) = o**2 + o + 9. Suppose 2 = 3*n - 4*n. Let t(v) = v**3 + v**2 - v + 2. Let f be t(n). What is the remainder when 17 is divided by q(f)?
8
Let s = 41 + -7. Suppose 5*n + l - 89 = 0, -l + 1 = 2*n - s. What is the remainder when 51 is divided by n?
15
Suppose -1 + 0 = k. Let z(b) = -b. Let l(i) = -i**2 + 1. Let r(v) = k*l(v) - 6*z(v). What is the remainder when 10 is divided by r(-7)?
4
Let w(l) = 4*l**2 - 4*l + 3. Let z be 10*(5/(-2) + 3). Calculate the remainder when w(z) is divided by 17.
15
Let i(g) be the first derivative of -g + 1. Let c(p) = -p + 3. Let x(q) = c(q) - 2*i(q). Calculate the remainder when x(-6) is divided by 6.
5
Let u = -18 + 30. Suppose 4*i - 35 = 3*i. Calculate the remainder when i is divided by u.
11
Suppose -2*l - 3*l + 27 = 4*n, 4*n - 3*l = 67. Let g(t) = -6*t - 5. Calculate the remainder when n is divided by g(-2).
6
Let g be 10/(-8)*(19 - -1). Let q = g + 70. Calculate the remainder when q is divided by 12.
9
What is the remainder when 15 is divided by (6/4)/(13/52)?
3
Suppose -2*v - 3*v - 20 = 0, 3*m + 5*v = -362. Let k = -55 - m. Calculate the remainder when k is divided by 15.
14
Suppose -24 = 8*u - 12*u. Calculate the remainder when 20 is divided by u.
2
Let q = 5 - 3. Suppose -3*l = 2*k - q*l - 210, -3*l + 524 = 5*k. Suppose 2*c = -42 + k. What is the remainder when c is divided by 17?
15
Let u(h) = 2*h**2 + 4*h + 4. Let j be u(-3). Let t = j + -8. Calculate the remainder when 6 is divided by t.
0
Suppose -2*i + 6 = -3*i. Let s be 1 - 3/i*-2. Suppose -3*q - 2 + 56 = s. Calculate the remainder when 34 is divided by q.
16
Let h(s) = s**2 - 4 + 2 - 5*s + 3. Calculate the remainder when 20 is divided by h(6).
6
Suppose 121 = 2*y - l, -2*y = l - 46 - 81. What is the remainder when y is divided by 16?
14
Let r = 66 + -48. Calculate the remainder when 30 is divided by r.
12
Let o(d) = -4*d - 18. Suppose 7*f = f - 66. What is the remainder when o(f) is divided by 9?
8
Let j(q) = 2*q. Let o be j(2). Suppose -o*r + 3 = -13. Calculate the remainder when (1 - 2)*(-50)/5 is divided by r.
2
Calculate the remainder when 528/15 - (-1)/(-5) is divided by 19.
16
Let t(h) = 4*h**2 - 3*h - 6. What is the remainder when 55 is divided by t(3)?
13
Let c(t) = 2*t**2 + 7*t + 6. Let s(i) = -i**2 - 3*i - 4. Let m be s(-3). Let n(q) = -18*q + 1. What is the remainder when n(-2) is divided by c(m)?
7
Suppose 0 = -d - 2 - 9. Let k be -3 - (2 - (28 - 1)). Let u = k + d. Calculate the remainder when 43 is divided by u.
10
Let z(i) = 5*i**3 + 6*i**2 - i - 4. Calculate the remainder when z(2) is divided by 12.
10
Let y(j) = -j**2 - 7*j - 5. What is the remainder when (13*-1*-1)/1 is divided by y(-3)?
6
Suppose -2*r - 5*m - 50 = -3*r, 0 = -m. Calculate the remainder when r is divided by 1/2*(0 - -26).
11
Let i = 148 - 85. Calculate the remainder when i is divided by 11.
8
Let n = 21 + -4. Calculate the remainder when 31 is divided by n.
14
Suppose 0 = 5*o - 207 - 18. What is the remainder when o is divided by (-3 + 2)*(64/(-4) + 4)?
9
Suppose -y + 5*y + h - 72 = 0, 0 = -5*h. Calculate the remainder when (-28)/(-21) - (-456)/9 is divided by y.
16
Let y(f) = -f**3 - 6*f**2 - 3*f - 14. Suppose 2*i = 4*k - 62, k + 43 = 3*k - 5*i. What is the remainder when k is divided by y(-6)?
2
Let d(z) = -2*z**3 - z**2 + 1. Calculate the remainder when 6 is divided by d(-1).
0
Let a be (-60)/25 + (-2)/(-5). Let c = -2 - a. Suppose c = -i + 17. What is the remainder when i is divided by 6?
5
Let l = 0 - -29. What is the remainder when l is divided by (-245)/(-15) - (-2)/(-18)*3?
13
Suppose -2*p + 2*a + 0 = 4, 0 = 2*p + 4*a - 14. Calculate the remainder when -1*(p + -14)*1 is divided by 5.
3
Let b(d) = -3*d + 3. Suppose -y = 0, 2*s + 15*y = 18*y + 8. What is the remainder when b(-4) is divided by s?
3
Let l be (-9)/(-1 + (-15)/(-6)). Let t = l + 16. Suppose -7 = 2*b - 41. Calculate the remainder when b is divided by t.
7
Let y be (-8)/6 + 2/6. Calculate the remainder when 16 is divided by (12/(-16))/(y/8).
4
Let k = -2 + 4. Suppose k*o = 5*f + 48, 3*f + 20 = -2*f. What is the remainder when 26 is divided by o?
12
Suppose 3*c = -4*o + 47, 6*o - 51 = 3*o + 3*c. What is the remainder when 67 is divided by o?
11
Let q be 12 + -4 + 2 + 0. What is the remainder when 336/q + (-6)/(-15) is divided by 12?
10
Suppose 2*y + y = 9. Let p(m) = -10*m**3 + 1. What is the remainder when p(-1) is divided by y?
2
Suppose 3*h + 4*k = 51, -25 - 29 = -3*h - 5*k. Calculate the remainder when 36 is divided by h.
10
Let a(k) = 9*k + 3. Calculate the remainder when (30/(-25) - -2)/(2/145) is divided by a(3).
28
Let a(f) be the third derivative of f**5/30 + f**4/12 + f**3/3 + 3*f**2. What is the remainder when a(-2) is divided by 4?
2
Let v(u) = -2*u**3 - 4*u**2 + 3. What is the remainder when 60 is divided by v(-3)?
18
Let o be 3 + 3/((-3)/(-52)). Suppose 2*q - k - o = -2*q, 4*q + k = 65. Let c = 8 + -4. What is the remainder when q is divided by c?
3
Suppose k - 4 = -23. Let v = k + 37. What is the remainder when v is divided by 5?
3
Suppose -3*y - 4*j - 40 = -7*y, -4*j + 2 = -y. Let i = y - -6. Calculate the remainder when i is divided by 11.
9
Let u(i) = 8*i - 3. Let t(o) = -o + 2. Let n be t(-2). Calculate the remainder when u(n) is divided by 15/(-2)*(-16)/12.
9
Let b(v) = 2*v**3 - 5*v**2 + 7*v. Calculate the remainder when 89 is divided by b(3).
29
Suppose -4*m + 2*g + 13 = -11, -m = -g - 8. Suppose 2*d = -3*d + 25. Calculate the remainder when (32/(-20))/(m/(-30)) is divided by d.
2
Suppose 5*g + 46 + 49 = 0. Let m = 57 + g. Calculate the remainder when m is divided by 13.
12
Let a = -21 + 62. What is the remainder when a is divided by 9?
5
Suppose -a + 3 = -7. What is the remainder when 38 is divided by a?
8
Suppose -q + 84 = 2*o - 6, 0 = 2*q. Suppose -16 = l - o. Suppose 5*s - 42 = 8. Calculate the r